{"id":122,"date":"2021-09-12T10:32:29","date_gmt":"2021-09-12T10:32:29","guid":{"rendered":"https:\/\/www.rkdesign.is\/?page_id=122"},"modified":"2021-09-17T17:52:25","modified_gmt":"2021-09-17T17:52:25","slug":"syningarmal","status":"publish","type":"page","link":"https:\/\/www.rkdesign.is\/index.php\/syningarmal\/","title":{"rendered":"S\u00fdningarm\u00e1l"},"content":{"rendered":"\n<p><\/p>\n\n\n\n<p><\/p>\n\n\n\n<p><strong>S\u00fdningarh\u00f6nnun<\/strong><\/p>\n\n\n\n<figure class=\"wp-block-image size-full\"><img loading=\"lazy\" decoding=\"async\" width=\"640\" height=\"480\" src=\"https:\/\/www.rkdesign.is\/wp-content\/uploads\/2021\/09\/Isaevintyri-i-Prag-med-iskostulum-eldspuandi-drekum-skautasvelli.jpg\" alt=\"\" class=\"wp-image-124\" srcset=\"https:\/\/www.rkdesign.is\/wp-content\/uploads\/2021\/09\/Isaevintyri-i-Prag-med-iskostulum-eldspuandi-drekum-skautasvelli.jpg 640w, https:\/\/www.rkdesign.is\/wp-content\/uploads\/2021\/09\/Isaevintyri-i-Prag-med-iskostulum-eldspuandi-drekum-skautasvelli-300x225.jpg 300w\" sizes=\"auto, (max-width: 640px) 100vw, 640px\" \/><\/figure>\n\n\n\n<p><em>\u00cds\u00e6vint\u00fdri \u00ed Prag me\u00f0 \u00edsk\u00f6stulum, eldsp\u00faandi drekum, skautasvelli o.fl.<\/em><\/p>\n\n\n\n<p><strong>Yfirlit yfir s\u00fdningah\u00f6nnun (hj\u00e1 L\u00ednuh\u00f6nnun<\/strong>)<\/p>\n\n\n\n<p>R\u00edkhar\u00f0ur Kristj\u00e1nsson vann a\u00f0 h\u00f6nnun og byggingu s\u00fdninga um all langt skei\u00f0 hj\u00e1 L\u00ednuh\u00f6nnun. Samstarfsa\u00f0ilar voru yfirleitt \u00c1rni P\u00e1ll J\u00f3hannsson sem a\u00f0alh\u00f6nnu\u00f0ur, Exton sem s\u00e9r um lj\u00f3s og s\u00fdningart\u00e6kni, Gagar\u00edn me\u00f0 margmi\u00f0lun og t\u00f6lvugrafik sem og nokkrir fleiri a\u00f0ilar.<\/p>\n\n\n\n<p>H\u00e9r \u00e1 eftir ver\u00f0a rakin nokkur verk.<\/p>\n\n\n\n<p><strong>A. Kvikmyndager\u00f0:<\/strong><\/p>\n\n\n\n<ol class=\"wp-block-list\" type=\"1\"><li><strong>Hj\u00f3la\u00f0 yfir Sk\u00f3garfoss<\/strong>. H\u00e9r er um a\u00f0 r\u00e6\u00f0a augl\u00fdsingarmynd sem \u00fe\u00fdski leikstj\u00f3rinn Wim Wenders ger\u00f0i. Sta\u00f0gengill \u00ed myndum um James Bond var l\u00e1tinn hj\u00f3la \u00e1 l\u00ednu yfir Sk\u00f3garfoss a\u00f0eins utan vi\u00f0 fossbr\u00fanina. Vi\u00f0 s\u00e1um um a\u00f0 hanna allan b\u00fana\u00f0 sem til \u00feurfti og tryggja \u00f6ryggi leikara.<\/li><\/ol>\n\n\n\n<ol class=\"wp-block-list\" type=\"1\" start=\"2\"><li><strong>Volkswagen. <\/strong>Um var a\u00f0 r\u00e6\u00f0a<strong> a<\/strong>ugl\u00fdsingamynd fyrirVolkswagen \u00ed tengslum vi\u00f0 heimss\u00fdninguna \u00ed Hannover. Okkar verkefni var a\u00f0 hanna og taka \u00fe\u00e1tt \u00ed a\u00f0 byggja hengibr\u00fa yfir Markarflj\u00f3tsglj\u00fafrin \u00e1 hrikalegasta sta\u00f0num. Hanna\u00f0 og byggt \u00e1 \u00feremur d\u00f6gum.<\/li><\/ol>\n\n\n\n<figure class=\"wp-block-image size-large\"><img loading=\"lazy\" decoding=\"async\" width=\"1024\" height=\"727\" src=\"https:\/\/www.rkdesign.is\/wp-content\/uploads\/2021\/09\/Markarfljotsgljufur-1024x727.jpg\" alt=\"\" class=\"wp-image-125\" srcset=\"https:\/\/www.rkdesign.is\/wp-content\/uploads\/2021\/09\/Markarfljotsgljufur-1024x727.jpg 1024w, https:\/\/www.rkdesign.is\/wp-content\/uploads\/2021\/09\/Markarfljotsgljufur-300x213.jpg 300w, https:\/\/www.rkdesign.is\/wp-content\/uploads\/2021\/09\/Markarfljotsgljufur-768x545.jpg 768w, https:\/\/www.rkdesign.is\/wp-content\/uploads\/2021\/09\/Markarfljotsgljufur-1536x1090.jpg 1536w, https:\/\/www.rkdesign.is\/wp-content\/uploads\/2021\/09\/Markarfljotsgljufur-2048x1454.jpg 2048w, https:\/\/www.rkdesign.is\/wp-content\/uploads\/2021\/09\/Markarfljotsgljufur-1280x909.jpg 1280w\" sizes=\"auto, (max-width: 1024px) 100vw, 1024px\" \/><\/figure>\n\n\n\n<ol class=\"wp-block-list\" type=\"1\" start=\"3\"><li><strong>Monster.<\/strong> T\u00f3kum \u00fe\u00e1tt \u00ed h\u00f6nnun hluta af leikmynd \u00feessarar kvikmyndar sem var framleidd af Coppola.<\/li><\/ol>\n\n\n\n<ol class=\"wp-block-list\" type=\"1\" start=\"4\"><li><strong>Bj\u00f3lfskvi\u00f0a. <\/strong>A\u00f0sto\u00f0u\u00f0um \u00c1rna P\u00e1l J\u00f3hannsson h\u00f6nnu\u00f0 vi\u00f0 h\u00f6nnun og byggingu \u00e1 leikmynd \u00feessarar kvikmyndar sem n\u00fdloki\u00f0 er vi\u00f0.<\/li><\/ol>\n\n\n\n<p><strong>B: S\u00f6fn \u00e1 \u00cdslandi<\/strong><\/p>\n\n\n\n<p>Vi\u00f0 komum a\u00f0 ger\u00f0 galdrasafnanna \u00e1 Str\u00f6ndum, b\u00e6\u00f0i \u00ed H\u00f3lmav\u00edk sem og \u00ed Bjarnarfir\u00f0i.<\/p>\n\n\n\n<p>Okkar hlutverk var b\u00e6\u00f0i a\u00f0 vera me\u00f0 \u00ed hugmyndavinnunni, einkum \u00fe\u00f3 \u00ed seinna verkinu en s\u00ed\u00f0an gera kostna\u00f0ar\u00e1\u00e6tlanir og framkv\u00e6mdapl\u00f6n og leysa t\u00e6knileg m\u00e1l. S\u00ed\u00f0an h\u00f6fum vi\u00f0 veri\u00f0 a\u00f0 vinna me\u00f0 \u00fdmsum a\u00f0ilum a\u00f0 \u00feri\u00f0ja safninu \u00ed Tr\u00e9kyllisv\u00edk.<\/p>\n\n\n\n<figure class=\"wp-block-image size-large\"><img loading=\"lazy\" decoding=\"async\" width=\"1024\" height=\"768\" src=\"https:\/\/www.rkdesign.is\/wp-content\/uploads\/2021\/09\/Galdrasafnid-a-Holmavik-1024x768.jpg\" alt=\"\" class=\"wp-image-126\" srcset=\"https:\/\/www.rkdesign.is\/wp-content\/uploads\/2021\/09\/Galdrasafnid-a-Holmavik-1024x768.jpg 1024w, https:\/\/www.rkdesign.is\/wp-content\/uploads\/2021\/09\/Galdrasafnid-a-Holmavik-300x225.jpg 300w, https:\/\/www.rkdesign.is\/wp-content\/uploads\/2021\/09\/Galdrasafnid-a-Holmavik-768x576.jpg 768w, https:\/\/www.rkdesign.is\/wp-content\/uploads\/2021\/09\/Galdrasafnid-a-Holmavik-1536x1152.jpg 1536w, https:\/\/www.rkdesign.is\/wp-content\/uploads\/2021\/09\/Galdrasafnid-a-Holmavik-1280x960.jpg 1280w, https:\/\/www.rkdesign.is\/wp-content\/uploads\/2021\/09\/Galdrasafnid-a-Holmavik.jpg 1600w\" sizes=\"auto, (max-width: 1024px) 100vw, 1024px\" \/><\/figure>\n\n\n\n<p><em>Galdrasafni\u00f0 \u00e1 H\u00f3lmav\u00edk<\/em><\/p>\n\n\n\n<figure class=\"wp-block-image size-large\"><img loading=\"lazy\" decoding=\"async\" width=\"1024\" height=\"314\" src=\"https:\/\/www.rkdesign.is\/wp-content\/uploads\/2021\/09\/Bygging-a-galdrasafninu-i-Bjarnarfirdi-1024x314.jpg\" alt=\"\" class=\"wp-image-127\" srcset=\"https:\/\/www.rkdesign.is\/wp-content\/uploads\/2021\/09\/Bygging-a-galdrasafninu-i-Bjarnarfirdi-1024x314.jpg 1024w, https:\/\/www.rkdesign.is\/wp-content\/uploads\/2021\/09\/Bygging-a-galdrasafninu-i-Bjarnarfirdi-300x92.jpg 300w, https:\/\/www.rkdesign.is\/wp-content\/uploads\/2021\/09\/Bygging-a-galdrasafninu-i-Bjarnarfirdi-768x235.jpg 768w, https:\/\/www.rkdesign.is\/wp-content\/uploads\/2021\/09\/Bygging-a-galdrasafninu-i-Bjarnarfirdi-1280x392.jpg 1280w, https:\/\/www.rkdesign.is\/wp-content\/uploads\/2021\/09\/Bygging-a-galdrasafninu-i-Bjarnarfirdi.jpg 1411w\" sizes=\"auto, (max-width: 1024px) 100vw, 1024px\" \/><\/figure>\n\n\n\n<p><em>Bygging \u00e1 galdrasafninu \u00ed Bjarnarfir\u00f0i<\/em><\/p>\n\n\n\n<p>\u00de\u00e1 unnum vi\u00f0 endurger\u00f0 \u00dej\u00f3\u00f0minjasafnsins og \u00dej\u00f3\u00f0menningarh\u00fassins en \u00fe\u00e1 sem h\u00f6nnu\u00f0ir en a\u00f0sto\u00f0u\u00f0um einnig vi\u00f0 vinnu frumhugmynda a\u00f0 s\u00fdningu \u00dej\u00f3\u00f0minjasafnsins.<\/p>\n\n\n\n<p>S\u00ed\u00f0an var L\u00ednuh\u00f6nnun verkfr\u00e6\u00f0ilegur r\u00e1\u00f0gjafi s\u00fdningarh\u00f6nnu\u00f0a og stj\u00f3rnanda uppsetningarinnar s\u00fdningar \u00dej\u00f3\u00f0minjasafnsins, \u00deorsteins Gunnarssonar arkitekts.<\/p>\n\n\n\n<p>L\u00ednuh\u00f6nnun hefur einnig komi\u00f0 a\u00f0 vinnu vi\u00f0 gamla b\u00e6inn \u00e1 Keldum \u00e1 Rangarv\u00f6llum.<\/p>\n\n\n\n<p>\u00de\u00e1 vann L\u00ednuh\u00f6nnun me\u00f0 \u00c1rna P\u00e1li J\u00f3hannssyni a\u00f0 ger\u00f0 hugmynda a\u00f0 uppbyggingu Geysissafnsins. <\/p>\n\n\n\n<p><\/p>\n\n\n\n<p><strong>S\u00ddNINGAR ERLENDIS<\/strong><\/p>\n\n\n\n<p><strong>Heimss\u00fdningin EXPO200 \u00ed Hannover.<\/strong><\/p>\n\n\n\n<p>L\u00ednuh\u00f6nnun anna\u00f0ist verkefnisstj\u00f3rn vi\u00f0 undirb\u00faning og h\u00f6nnun \u00feessarar s\u00fdningar. Verkefni\u00f0 t\u00f3kst svo vel a\u00f0 sk\u00e1linn var anna\u00f0 vins\u00e6lasta s\u00fdningaratri\u00f0i\u00f0 \u00e1 sv\u00e6\u00f0inu og a\u00f0s\u00f3knin samsvara\u00f0i samanlag\u00f0ri a\u00f0s\u00f3kn hinna Nor\u00f0urlandanna allra. Vi\u00f0 s\u00e1um s\u00ed\u00f0an um a\u00f0 selja sk\u00e1lann til Danfoss \u00ed Danm\u00f6rku en \u00feetta var eini sk\u00e1linn \u00e1 sv\u00e6\u00f0inu sem seldist til \u00e1framhaldandi nota.<\/p>\n\n\n\n<p>Vi\u00f0 t\u00f3kum einnig \u00fe\u00e1tt \u00ed a\u00f0 \u00fer\u00f3a hugmyndir me\u00f0 Danfoss um risast\u00f3ran v\u00edsindagar\u00f0 vi\u00f0 h\u00f6fu\u00f0st\u00f6\u00f0var Danfoss \u00fear sem \u00edslenski sk\u00e1linn \u00e1tti a\u00f0 ver\u00f0a fyrsta mannvirki\u00f0 til a\u00f0 r\u00edsa.<\/p>\n\n\n\n<p>\u00dear er \u00feessi sk\u00e1li n\u00fa risinn.<\/p>\n\n\n\n<figure class=\"wp-block-image size-full\"><img loading=\"lazy\" decoding=\"async\" width=\"800\" height=\"600\" src=\"https:\/\/www.rkdesign.is\/wp-content\/uploads\/2021\/09\/EXPO2000.png\" alt=\"\" class=\"wp-image-128\" srcset=\"https:\/\/www.rkdesign.is\/wp-content\/uploads\/2021\/09\/EXPO2000.png 800w, https:\/\/www.rkdesign.is\/wp-content\/uploads\/2021\/09\/EXPO2000-300x225.png 300w, https:\/\/www.rkdesign.is\/wp-content\/uploads\/2021\/09\/EXPO2000-768x576.png 768w\" sizes=\"auto, (max-width: 800px) 100vw, 800px\" \/><\/figure>\n\n\n\n<p><em>Horft framan \u00e1 \u00edslenska sk\u00e1lann \u00e1 EXPO2000 \u00ed Hannover<\/em><\/p>\n\n\n\n<figure class=\"wp-block-image size-full\"><img loading=\"lazy\" decoding=\"async\" width=\"375\" height=\"566\" src=\"https:\/\/www.rkdesign.is\/wp-content\/uploads\/2021\/09\/Goshver.jpg\" alt=\"\" class=\"wp-image-129\" srcset=\"https:\/\/www.rkdesign.is\/wp-content\/uploads\/2021\/09\/Goshver.jpg 375w, https:\/\/www.rkdesign.is\/wp-content\/uploads\/2021\/09\/Goshver-199x300.jpg 199w\" sizes=\"auto, (max-width: 375px) 100vw, 375px\" \/><\/figure>\n\n\n\n<p><em>Goshver sem gaus upp \u00far g\u00f3lfi sk\u00e1lans<\/em><\/p>\n\n\n\n<figure class=\"wp-block-image size-full\"><img loading=\"lazy\" decoding=\"async\" width=\"550\" height=\"373\" src=\"https:\/\/www.rkdesign.is\/wp-content\/uploads\/2021\/09\/Rampur.jpg\" alt=\"\" class=\"wp-image-130\" srcset=\"https:\/\/www.rkdesign.is\/wp-content\/uploads\/2021\/09\/Rampur.jpg 550w, https:\/\/www.rkdesign.is\/wp-content\/uploads\/2021\/09\/Rampur-300x203.jpg 300w\" sizes=\"auto, (max-width: 550px) 100vw, 550px\" \/><\/figure>\n\n\n\n<p><em>Hangandi rampi leiddi gesti milli h\u00e6\u00f0a<\/em><\/p>\n\n\n\n<p>Vi\u00f0 ger\u00f0um einnig me\u00f0 \u00c1rna P\u00e1li J\u00f3hannssyni dr\u00f6g a\u00f0 s\u00fdningu \u00e1 EXPO2005 \u00ed Japan fyrir h\u00f6nd \u00edslenska r\u00edkisins.<\/p>\n\n\n\n<p>\u00c1ri\u00f0 2004 h\u00f6nnu\u00f0u \u00feeir a\u00f0ilar sem tilgreindir eru \u00ed byrjun \u00feessarar samantektar v\u00edsindas\u00fdngu sem sett var upp \u00ed Palais de la Decouverte \u00ed Par\u00eds.<\/p>\n\n\n\n<p>L\u00ednuh\u00f6nnun t\u00f3k a\u00f0 s\u00e9r a\u00f0 annast alla s\u00fdninguna fyrir Menntam\u00e1lar\u00e1\u00f0uneyti\u00f0 og r\u00e1\u00f0a alla \u00fe\u00e1 sem r\u00e1\u00f0a \u00feurfti.<\/p>\n\n\n\n<p>\u00dea\u00f0 sem var s\u00e9rst\u00e6tt vi\u00f0 s\u00fdninguna var a\u00f0 engar t\u00f6lvur voru \u00e1 v\u00edsindas\u00fdningunni heldur komu leikarar \u00ed sta\u00f0inn fyrir t\u00f6lvurnar. Me\u00f0 s\u00e9rst\u00e6\u00f0ri s\u00fdningart\u00e6kni \u00fear sem myndum er varpa\u00f0 \u00e1 hluta af skikkjum leikaranna g\u00e1tu leikararnir sagt fr\u00e1 v\u00edsindai\u00f0kun \u00edslendinga.<\/p>\n\n\n\n<p>S\u00e9rstakur kynningarb\u00e6klingur var ger\u00f0ur fyrir s\u00fdninguna.<\/p>\n\n\n\n<figure class=\"wp-block-image size-large\"><img loading=\"lazy\" decoding=\"async\" width=\"1024\" height=\"768\" src=\"https:\/\/www.rkdesign.is\/wp-content\/uploads\/2021\/09\/isjaki-1024x768.png\" alt=\"\" class=\"wp-image-131\" srcset=\"https:\/\/www.rkdesign.is\/wp-content\/uploads\/2021\/09\/isjaki-1024x768.png 1024w, https:\/\/www.rkdesign.is\/wp-content\/uploads\/2021\/09\/isjaki-300x225.png 300w, https:\/\/www.rkdesign.is\/wp-content\/uploads\/2021\/09\/isjaki-768x576.png 768w, https:\/\/www.rkdesign.is\/wp-content\/uploads\/2021\/09\/isjaki-1536x1152.png 1536w, https:\/\/www.rkdesign.is\/wp-content\/uploads\/2021\/09\/isjaki-1280x960.png 1280w, https:\/\/www.rkdesign.is\/wp-content\/uploads\/2021\/09\/isjaki.png 1600w\" sizes=\"auto, (max-width: 1024px) 100vw, 1024px\" \/><\/figure>\n\n\n\n<p><em>Horft inn \u00ed s\u00fdningarsalinn a\u00f0 ofan, \u00edsjaki af J\u00f6kuls\u00e1rl\u00f3ni fyrir ne\u00f0an<\/em><\/p>\n\n\n\n<figure class=\"wp-block-image size-large\"><img loading=\"lazy\" decoding=\"async\" width=\"1024\" height=\"768\" src=\"https:\/\/www.rkdesign.is\/wp-content\/uploads\/2021\/09\/isjaki2-1024x768.png\" alt=\"\" class=\"wp-image-132\" srcset=\"https:\/\/www.rkdesign.is\/wp-content\/uploads\/2021\/09\/isjaki2-1024x768.png 1024w, https:\/\/www.rkdesign.is\/wp-content\/uploads\/2021\/09\/isjaki2-300x225.png 300w, https:\/\/www.rkdesign.is\/wp-content\/uploads\/2021\/09\/isjaki2-768x576.png 768w, https:\/\/www.rkdesign.is\/wp-content\/uploads\/2021\/09\/isjaki2-1536x1152.png 1536w, https:\/\/www.rkdesign.is\/wp-content\/uploads\/2021\/09\/isjaki2-1280x960.png 1280w, https:\/\/www.rkdesign.is\/wp-content\/uploads\/2021\/09\/isjaki2.png 1600w\" sizes=\"auto, (max-width: 1024px) 100vw, 1024px\" \/><\/figure>\n\n\n\n<p>Stj\u00f3rnendur eins fr\u00e6gasta v\u00edsindasafns \u00ed heimi, Science Museum \u00ed London s\u00e1u s\u00fdninguna \u00ed Par\u00eds og \u00f3sku\u00f0u eftir \u00fev\u00ed vi\u00f0 sendiherrann \u00ed London a\u00f0 samskonar en \u00fe\u00f3 st\u00e6rri s\u00fdning yr\u00f0i sett upp \u00fear.<\/p>\n\n\n\n<p>\u00dea\u00f0 var einkum notkun leikara til a\u00f0 koma skilabo\u00f0um til \u00e1horfenda sem hreif englendingana.<\/p>\n\n\n\n<p>Kynningarb\u00e6klingur var einnig ger\u00f0ur fyrir \u00feessa s\u00fdningu.<\/p>\n\n\n\n<p><\/p>\n\n\n\n<p><strong>\u00cdskastalar \u00ed Prag.<\/strong><\/p>\n\n\n\n<p>\u00de\u00e1 h\u00f6nnu\u00f0um vi\u00f0 \u00e1samt fleirum \u00eds\u00e6vint\u00fdri \u00e1 gamla torginu \u00ed Prag. Um var a\u00f0 r\u00e6\u00f0a skautasvell me\u00f0 \u00edsgir\u00f0ingum \u00ed kring, \u00edsf\u00edgurum \u00e1 svellinu. 5 metra h\u00e1ir \u00edskastalar voru \u00e1 hornum sv\u00e6\u00f0isins og voru eldsp\u00faandi drekar \u00ed einum \u00feeirra, bar \u00ed \u00f6\u00f0rum og f\u00f3lk gat fari\u00f0 upp \u00ed \u00feann \u00feri\u00f0ja og rennt s\u00e9r ni\u00f0ur \u00ed \u00edsrennibraut \u00fat \u00e1 svelli\u00f0. Mj\u00f6g erfitt t\u00e6knilegt vandam\u00e1l var a\u00f0 gera fimm metra h\u00e1a \u00edskastala sem g\u00e1tu sta\u00f0i\u00f0 af s\u00e9r 10\u00b0C umhverfishita.<\/p>\n\n\n\n<p>Og hvernig er h\u00e6gt a\u00f0 b\u00faa til svona h\u00e1an st\u00f6\u00f0ugan \u00edskastala \u00e1n frosts \u00fati. \u00deetta og margt anna\u00f0 \u00feurftum vi\u00f0 a\u00f0 leysa. Ekki s\u00edst \u00feurfti a\u00f0 sannf\u00e6ra verkkaupann um a\u00f0 vi\u00f0 g\u00e6tum \u00feetta. \u00dear hj\u00e1lpa\u00f0i nafni\u00f0 \u00cdsland okkur sem og n\u00fdjast mynd James Bond sem haf\u00f0i veri\u00f0 tekin \u00e1 \u00cdslandi og s\u00fdnd \u00fe\u00e1 n\u00fdveri\u00f0.<\/p>\n\n\n\n<figure class=\"wp-block-image size-full\"><img loading=\"lazy\" decoding=\"async\" width=\"640\" height=\"480\" src=\"https:\/\/www.rkdesign.is\/wp-content\/uploads\/2021\/09\/Skautasvell-iskastalar-med-eldspuandi-drekum-o.fl_.-a-gamla-torginu-i-Prag-1.jpg\" alt=\"\" class=\"wp-image-133\" srcset=\"https:\/\/www.rkdesign.is\/wp-content\/uploads\/2021\/09\/Skautasvell-iskastalar-med-eldspuandi-drekum-o.fl_.-a-gamla-torginu-i-Prag-1.jpg 640w, https:\/\/www.rkdesign.is\/wp-content\/uploads\/2021\/09\/Skautasvell-iskastalar-med-eldspuandi-drekum-o.fl_.-a-gamla-torginu-i-Prag-1-300x225.jpg 300w\" sizes=\"auto, (max-width: 640px) 100vw, 640px\" \/><\/figure>\n\n\n\n<p><br><strong>Nato-r\u00e1\u00f0stefnan 2002<\/strong><\/p>\n\n\n\n<p>\u00deetta er ein erfi\u00f0asta \u201cs\u00fdning\u201d sem L\u00ednuh\u00f6nnun hefur teki\u00f0 a\u00f0 s\u00e9r a\u00f0 skipuleggja. \u00deetta er um t\u00f3lf hundru\u00f0 manna r\u00e1\u00f0stefna sem \u00fearf tvo risast\u00f3ra fundarsali, fj\u00f6ldan allan af minni s\u00f6lum, mi\u00f0st\u00f6\u00f0 fyrir 150 fr\u00e9ttamenn, t\u00e6kni- og \u00fatsendingara\u00f0st\u00f6\u00f0u o.fl. o.fl.<\/p>\n\n\n\n<p>L\u00ednuh\u00f6nnun var \u00e1byrg fyrir \u00f6llu skipulagi r\u00e1\u00f0stefnunnar, s\u00e1 um a\u00f0 breyta h\u00f3tel S\u00f6gu \u00e1 \u00f6rsk\u00f6mmum t\u00edma a\u00f0 verulegu leyti \u00far h\u00f3teli \u00ed skrifstofubyggingu. Breyta H\u00e1sk\u00f3lab\u00ed\u00f3i og \u00ed\u00fer\u00f3ttah\u00fasi Hagask\u00f3la \u00e1 einni n\u00f3ttu \u00ed fundarsali og reisa 100 fm forh\u00fdsi vi\u00f0 \u00ed\u00fer\u00f3ttah\u00fasi\u00f0 einnig \u00e1 einni n\u00f3ttu. \u00de\u00e1 \u00feurfti a\u00f0 breyta h\u00fasn\u00e6\u00f0i Endurmenntunar H\u00cd \u00ed fullkomna fr\u00e9ttamannami\u00f0st\u00f6\u00f0<\/p>\n\n\n\n<p>L\u00ednuh\u00f6nnun vann me\u00f0 l\u00f6greglu vi\u00f0 a\u00f0 skipuleggja umfer\u00f0arstj\u00f3rnun og \u00f6kulei\u00f0ir, sat fundi me\u00f0 erlendum l\u00edfv\u00f6r\u00f0um vi\u00f0 a\u00f0 skipuleggja \u00f6ryggisr\u00e1\u00f0stafanir og ger\u00f0i heildar skipurit og a\u00f0ger\u00f0argreiningar fyrir verki\u00f0 og fylgdi \u00feeim eftir \u00e1 fundum me\u00f0 emb\u00e6ttism\u00f6nnum r\u00edkisins.<\/p>\n\n\n\n<p>H\u00e9r \u00e1 eftir fylgja nokkrar myndir.<\/p>\n\n\n\n<figure class=\"wp-block-image size-large\"><img loading=\"lazy\" decoding=\"async\" width=\"1024\" height=\"682\" src=\"https:\/\/www.rkdesign.is\/wp-content\/uploads\/2021\/09\/NATO01-1024x682.jpg\" alt=\"\" class=\"wp-image-134\" srcset=\"https:\/\/www.rkdesign.is\/wp-content\/uploads\/2021\/09\/NATO01-1024x682.jpg 1024w, https:\/\/www.rkdesign.is\/wp-content\/uploads\/2021\/09\/NATO01-300x200.jpg 300w, https:\/\/www.rkdesign.is\/wp-content\/uploads\/2021\/09\/NATO01-768x512.jpg 768w, https:\/\/www.rkdesign.is\/wp-content\/uploads\/2021\/09\/NATO01-1536x1024.jpg 1536w, https:\/\/www.rkdesign.is\/wp-content\/uploads\/2021\/09\/NATO01-1280x853.jpg 1280w, https:\/\/www.rkdesign.is\/wp-content\/uploads\/2021\/09\/NATO01.jpg 1772w\" sizes=\"auto, (max-width: 1024px) 100vw, 1024px\" \/><\/figure>\n\n\n\n<p><em>Fundarsalurinn \u00ed H\u00e1sk\u00f3lab\u00ed\u00f3 \u00ed fullri notkun<\/em><\/p>\n\n\n\n<figure class=\"wp-block-image size-large\"><img loading=\"lazy\" decoding=\"async\" width=\"1024\" height=\"768\" src=\"https:\/\/www.rkdesign.is\/wp-content\/uploads\/2021\/09\/NATO02-1024x768.jpg\" alt=\"\" class=\"wp-image-135\" srcset=\"https:\/\/www.rkdesign.is\/wp-content\/uploads\/2021\/09\/NATO02-1024x768.jpg 1024w, https:\/\/www.rkdesign.is\/wp-content\/uploads\/2021\/09\/NATO02-300x225.jpg 300w, https:\/\/www.rkdesign.is\/wp-content\/uploads\/2021\/09\/NATO02-768x576.jpg 768w, https:\/\/www.rkdesign.is\/wp-content\/uploads\/2021\/09\/NATO02-1536x1152.jpg 1536w, https:\/\/www.rkdesign.is\/wp-content\/uploads\/2021\/09\/NATO02-1280x960.jpg 1280w, https:\/\/www.rkdesign.is\/wp-content\/uploads\/2021\/09\/NATO02.jpg 2048w\" sizes=\"auto, (max-width: 1024px) 100vw, 1024px\" \/><\/figure>\n\n\n\n<figure class=\"wp-block-image size-large\"><img loading=\"lazy\" decoding=\"async\" width=\"1024\" height=\"769\" src=\"https:\/\/www.rkdesign.is\/wp-content\/uploads\/2021\/09\/NATO03-1024x769.jpg\" alt=\"\" class=\"wp-image-136\" srcset=\"https:\/\/www.rkdesign.is\/wp-content\/uploads\/2021\/09\/NATO03-1024x769.jpg 1024w, https:\/\/www.rkdesign.is\/wp-content\/uploads\/2021\/09\/NATO03-300x225.jpg 300w, https:\/\/www.rkdesign.is\/wp-content\/uploads\/2021\/09\/NATO03-768x577.jpg 768w, https:\/\/www.rkdesign.is\/wp-content\/uploads\/2021\/09\/NATO03-1536x1154.jpg 1536w, https:\/\/www.rkdesign.is\/wp-content\/uploads\/2021\/09\/NATO03-2048x1539.jpg 2048w, https:\/\/www.rkdesign.is\/wp-content\/uploads\/2021\/09\/NATO03-1280x962.jpg 1280w\" sizes=\"auto, (max-width: 1024px) 100vw, 1024px\" \/><\/figure>\n\n\n\n<p><em>H\u00e1sk\u00f3lab\u00ed\u00f3 fyrir og eftir breytingar<\/em><\/p>\n\n\n\n<p><em>Nokkrir af \u201ca\u00f0alleikendum s\u00fdningarinnar\u201d<\/em><\/p>\n\n\n\n<figure class=\"wp-block-image size-large\"><img loading=\"lazy\" decoding=\"async\" width=\"1024\" height=\"667\" src=\"https:\/\/www.rkdesign.is\/wp-content\/uploads\/2021\/09\/Adalmennirnir-a-radstefnunni-1-1024x667.jpg\" alt=\"\" class=\"wp-image-137\" srcset=\"https:\/\/www.rkdesign.is\/wp-content\/uploads\/2021\/09\/Adalmennirnir-a-radstefnunni-1-1024x667.jpg 1024w, https:\/\/www.rkdesign.is\/wp-content\/uploads\/2021\/09\/Adalmennirnir-a-radstefnunni-1-300x195.jpg 300w, https:\/\/www.rkdesign.is\/wp-content\/uploads\/2021\/09\/Adalmennirnir-a-radstefnunni-1-768x500.jpg 768w, https:\/\/www.rkdesign.is\/wp-content\/uploads\/2021\/09\/Adalmennirnir-a-radstefnunni-1.jpg 1032w\" sizes=\"auto, (max-width: 1024px) 100vw, 1024px\" \/><\/figure>\n\n\n\n<div class=\"wp-block-buttons is-layout-flex wp-block-buttons-is-layout-flex\"><\/div>\n","protected":false},"excerpt":{"rendered":"<p>S\u00fdningarh\u00f6nnun \u00cds\u00e6vint\u00fdri \u00ed Prag me\u00f0 \u00edsk\u00f6stulum, eldsp\u00faandi drekum, skautasvelli o.fl. Yfirlit yfir s\u00fdningah\u00f6nnun (hj\u00e1 L\u00ednuh\u00f6nnun) R\u00edkhar\u00f0ur Kristj\u00e1nsson vann a\u00f0 h\u00f6nnun og byggingu s\u00fdninga um all langt skei\u00f0 hj\u00e1 L\u00ednuh\u00f6nnun. Samstarfsa\u00f0ilar voru yfirleitt \u00c1rni P\u00e1ll J\u00f3hannsson sem a\u00f0alh\u00f6nnu\u00f0ur, Exton sem s\u00e9r um lj\u00f3s og s\u00fdningart\u00e6kni, Gagar\u00edn me\u00f0 margmi\u00f0lun og t\u00f6lvugrafik sem og nokkrir fleiri a\u00f0ilar. H\u00e9r [&hellip;]<\/p>\n","protected":false},"author":1,"featured_media":0,"parent":0,"menu_order":0,"comment_status":"closed","ping_status":"closed","template":"","meta":{"footnotes":""},"class_list":["post-122","page","type-page","status-publish","hentry"],"_links":{"self":[{"href":"https:\/\/www.rkdesign.is\/index.php\/wp-json\/wp\/v2\/pages\/122","targetHints":{"allow":["GET"]}}],"collection":[{"href":"https:\/\/www.rkdesign.is\/index.php\/wp-json\/wp\/v2\/pages"}],"about":[{"href":"https:\/\/www.rkdesign.is\/index.php\/wp-json\/wp\/v2\/types\/page"}],"author":[{"embeddable":true,"href":"https:\/\/www.rkdesign.is\/index.php\/wp-json\/wp\/v2\/users\/1"}],"replies":[{"embeddable":true,"href":"https:\/\/www.rkdesign.is\/index.php\/wp-json\/wp\/v2\/comments?post=122"}],"version-history":[{"count":12,"href":"https:\/\/www.rkdesign.is\/index.php\/wp-json\/wp\/v2\/pages\/122\/revisions"}],"predecessor-version":[{"id":331,"href":"https:\/\/www.rkdesign.is\/index.php\/wp-json\/wp\/v2\/pages\/122\/revisions\/331"}],"wp:attachment":[{"href":"https:\/\/www.rkdesign.is\/index.php\/wp-json\/wp\/v2\/media?parent=122"}],"curies":[{"name":"wp","href":"https:\/\/api.w.org\/{rel}","templated":true}]}}